4*k, -3*k + 12 = 0. List the prime factors of g.
2, 5, 157
Let v(z) = -2*z + 11 - z**2 - 8*z + 6*z. Let q be v(-5). What are the prime factors of 17*-1*(-12)/q?
2, 17
Let b(d) = 173*d**2 + d - 2. Let k be b(1). What are the prime factors of (12/(-16) - -1)*k?
43
Suppose -3*z + 7*z - 5394 = 2*c, 2*z = 4*c + 2706. List the prime factors of z.
3, 449
Suppose -4*s + 15 = -3*h, 2*h = 3*s - 0*h - 11. Suppose -2*j + 2 = 2*n, 5*n = s*j - 21 + 2. List the prime factors of j.
3
Suppose 220*x - 5124 = 213*x. List the prime factors of x.
2, 3, 61
Let g(w) = 96*w - 8. Suppose -4 = -2*j + 6, -2*j = 3*n - 19. What are the prime factors of g(n)?
2, 5, 7
Suppose 5*h = 4*h + 3. Let c(m) = -m**h + 4*m**2 + 6*m**2 - 9*m - 3*m**3 - 5 + 3*m**3. What are the prime factors of c(8)?
3, 17
Let n be (-2 - 1)*(-14)/6. Let b(j) = -2*j**2 + 26*j - 19. Let z be b(12). Suppose -n*v + 122 = -z*v. List the prime factors of v.
61
Suppose -3*t + 5*i = -15, -3*t + 15 = -4*i + 3. Let a(z) be the second derivative of z**3/3 + 15*z**2/2 + 3*z. What are the prime factors of a(t)?
3, 5
List the prime factors of (-5938)/(-3) + (13 + -14)/3.
1979
Suppose -y + 203 = -10*c + 5*c, -221 = -y - c. List the prime factors of y.
2, 109
Let n be (1 - -1)*(-4 + 3). Let x(a) = 10*a**2 + a + 2. Let q be x(n). Suppose -3*t + q = -t. What are the prime factors of t?
2, 5
Let v(g) = 2*g + 10. Let l be v(-7). What are the prime factors of (-3)/l + (-50)/(-8)?
7
Let t = 122 + 122. Suppose 3*b = v - t, -b + 0*v - 2*v - 72 = 0. What are the prime factors of (1180/b)/(1/(-4))?
59
Let c(i) = i**2 + 2*i - 3. Let z be c(2). Suppose -z*l + 0*l + 430 = 0. Let r = -58 + l. What are the prime factors of r?
2, 7
Suppose -2*z + 6 = -z + 5*d, -4*z + 2*d = -112. Let u = z + -8. Let a = 25 - u. What are the prime factors of a?
7
Suppose 2*i + 6*i = 2928. What are the prime factors of i?
2, 3, 61
List the prime factors of -5 + (1620 - (-12 + 23)).
2, 401
Suppose -k = 4*c + 17, k + 10 = -k. Let p = c + 18. Let a = p - 7. What are the prime factors of a?
2
Suppose -4*k - 10*k = -4186. What are the prime factors of k?
13, 23
Suppose u - 5*u = -152. Let y = -4 + u. What are the prime factors of y?
2, 17
Suppose 13*g - 11994 = 10509. What are the prime factors of g?
3, 577
Let h = 4 + 19. Suppose 4*w + d = -11, 4*d + 16 = -0*w - 2*w. Let t = w + h. List the prime factors of t.
3, 7
Suppose 4*r - 3*g = -1, 4*r + 2*g = 3*g - 11. What are the prime factors of (286/r)/(3/(-6))?
11, 13
Suppose c + 2*s - 33 = 4*c, -s - 6 = c. Let d be (-30)/(-2)*(-120)/c. Suppose d = 5*f - 3*j + 15, -j - 5 = 0. List the prime factors of f.
2, 17
Let f(z) = 3*z - 15. Let v be f(7). Let s(j) = 6*j + 3. Let a(p) = 6*p + 3. Let l(h) = v*a(h) - 5*s(h). List the prime factors of l(6).
3, 13
Suppose -5*g + 878 = -2*g - n, 2*n - 302 = -g. Suppose -v - 5*q = -0*v - 78, g = 5*v + q. List the prime factors of v.
2, 29
List the prime factors of 58 + (-7 - (7 - 9)).
53
List the prime factors of ((-302)/(-2))/((-45)/(-225)).
5, 151
Let p = 74 - -210. List the prime factors of p.
2, 71
Let f = 12246 + -8546. List the prime factors of f.
2, 5, 37
Let o be (2 - 7) + 6/(-2). Let t(u) = -u**3 - 7*u**2 + 2*u + 11. What are the prime factors of t(o)?
59
Let c = 40 + -35. Suppose v + 468 = -c*v. Let n = 111 + v. List the prime factors of n.
3, 11
Let g(n) = n**2 - n + 1. Let p(r) = r + 8. Let c be p(-6). Let o be g(c). Suppose l = 4*w - 95, 4*l = o*w + 3*l - 72. What are the prime factors of w?
23
Let j = 11 + -6. Suppose 0 = 4*l + j*x + 4, -3*l - 2*x = -7*x + 3. What are the prime factors of l + 21 - (1 - -1)?
2, 3
Suppose z - 3221 = -3*k, 7*k = 3*k - 7*z + 4306. What are the prime factors of k?
29, 37
Let z(s) = -3*s + 11. Let i be z(6). Let r = -4 - i. Suppose -r*p + 115 = 2*p. What are the prime factors of p?
23
Suppose 4*f - 80 = -0. Let r = f - -37. List the prime factors of r.
3, 19
Suppose 4*i + 20 = -2*m, i + 3*i + 26 = -3*m. List the prime factors of 1157/26 + m/4.
43
Let x(u) = -u**2 + 8*u + 10. Let l be x(5). What are the prime factors of ((2610/l)/(-3))/((-6)/15)?
3, 29
Let m be 5/(-10)*(0 - 0). Suppose t + j - 4 = m, 2*j - 3*j + 4 = 2*t. Suppose -2*p + 1 + 3 = 2*q, t = 2*p + q - 6. List the prime factors of p.
2
Suppose 12 = -4*x + p + 159, 3*x = 2*p + 109. Suppose c + 16 = x. List the prime factors of c.
3, 7
Let w be 44/10 - 4/10. List the prime factors of (-44)/(-33)*222/w.
2, 37
Suppose -7*u = 5*p - 4*u - 765, 0 = 3*p - u - 459. List the prime factors of p.
3, 17
Suppose 56*i = 59*i - 1860. List the prime factors of i.
2, 5, 31
Let g = -2174 - -3830. What are the prime factors of g?
2, 3, 23
Let a(y) = y**3 + 19*y**2 + 50*y - 24. List the prime factors of a(-15).
2, 3, 7
What are the prime factors of 11 - 9 - (1 - -1 - 1822)?
2, 911
Let r(q) = -q**2 + 9*q - 7. Let f be r(7). Suppose -f = -2*o + 1, -4 = -3*d - o. Let w(m) = m**2 - 2*m + 17. List the prime factors of w(d).
17
Suppose -2*t - 12 = 2*t. List the prime factors of 21/(-6)*-5*(-6)/t.
5, 7
Let c = 1064 - 318. What are the prime factors of c?
2, 373
Suppose 0 = 2*l - 42 + 214. Let y = 7 - l. What are the prime factors of y?
3, 31
Suppose r = -5*k + 219, -4*r + 4*k = 6*k - 876. List the prime factors of r.
3, 73
Let s(y) = 3*y**2 - 37*y - 4. Let k be s(12). Let h(q) = q**2 + 4*q + 50. List the prime factors of h(k).
2, 11
Let q(j) = 24*j - 4. Let n = 17 + -16. Let h be n + (1 + -2 - -2). What are the prime factors of q(h)?
2, 11
Suppose -4*c - 514 = -6*c. Let o = c - 172. What are the prime factors of o?
5, 17
Let l be 3/(-9) - 236/(-6). Suppose 3*g - 15 = 0, 3*k + 3*g - l = -k. Suppose 145 = -z + k*z. What are the prime factors of z?
29
Suppose 4 = 4*z - 16, 3*z = 5*o - 30. Suppose 3*b + o = -3*t + t, 0 = 2*t + 4*b + 10. Let s = 33 + t. List the prime factors of s.
2, 3, 5
Let t = 48 - 96. List the prime factors of -1 - (2 - 4) - t.
7
Suppose r - 3*z = 5629, -5*r = 12*z - 15*z - 28169. List the prime factors of r.
5, 7, 23
Suppose 12*c + 6966 = 21*c. What are the prime factors of c?
2, 3, 43
Suppose 7*d = 3 + 18. Suppose 0 = -2*x - 10, -d*x - 139 + 22 = -3*o. Suppose -2 = -2*i, -a + i = -i - o. What are the prime factors of a?
2, 3
Let r = 846 - -108. What are the prime factors of r?
2, 3, 53
Let j = -364 + 619. What are the prime factors of j?
3, 5, 17
Suppose -715 - 1853 = -24*b. What are the prime factors of b?
107
Let k = 73 + -70. Suppose t = k*z - 448, 3*z - 188 = -2*t + 266. List the prime factors of z.
2, 3, 5
Suppose 2 - 41 = -3*c. Suppose p - 3*t = -p - c, 4*p = -3*t - 53. Let g(o) = o**3 + 12*o**2 + 10*o - 2. List the prime factors of g(p).
3
Let b(f) = -f**3 - 12*f**2 - f - 16. Let n be b(-12). Let s be n/(-8) - 5/(-2). Suppose s*k + 4*q = 31, k + 4*q - 3 = -q. What are the prime factors of k?
13
Let h(u) = 21*u - 94. Let j be h(4). Let s = 77 + -2. List the prime factors of (-2)/j + 285/s.
2
Suppose -2*b - 2*m = -352, m = -2*b - b + 524. What are the prime factors of b?
2, 3, 29
Suppose 3*c - 17921 = m - 321, -3*c + 17580 = 3*m. What are the prime factors of c?
3, 5, 17, 23
Let g = 259 - 27. Suppose 5*b + g = 6*b. List the prime factors of b/6 - (-2)/(-3).
2, 19
Let r(t) = t + 6. Let m be r(0). Suppose -10*z = -m*z + 392. List the prime factors of (-3080)/z + (-3)/7.
31
Suppose l = 5*i + 56, l = 4*l - 5*i - 128. Suppose 0 = l*o - 38*o + 480. List the prime factors of o.
2, 3, 5
Suppose -22*f + 20 = -18*f. Let c(v) = -v**3 + 6*v**2 - 3*v - 4. What are the prime factors of c(f)?
2, 3
Suppose 5*r - 384 = -4*g, 6*g = 3*g - 4*r + 288. List the prime factors of g.
2, 3
What are the prime factors of ((-2)/((-8)/4245))/(234/624)?
2, 5, 283
Suppose 0 = -6*n + 11*n - 5, -357 = -4*q - 5*n. List the prime factors of q.
2, 11
Suppose 2*p = -0*p + 5*r + 97, 4*p - 155 = -3*r. Suppose -4*h - 97 = -5*h. Suppose 0 = -2*g - 5*v + p, 2*g = -2*g + 5*v + h. List the prime factors of g.
23
Let t(g) = g**3 + 10*g**2 + 5. Let b be t(-10). Suppose r - 1 = -2*u, 5*u - 3*u + b*r - 5 = 0. Suppose -x + 14 + 48 = u. What are the prime factors of x?
2, 31
Let w(u) = 42*u**2 + 2*u + 4. Let s be w(-2). Let o = -35 + s. What are the prime factors of o?
7, 19
Suppose 3*d = 7*d - 312. Suppose 0 = -5*v - 3*y + 120, 2*y - d = -3*v - y. What are the prime factors of ((-12)/v)/(1/(-7))?
2
Suppose 6*q - 14*q = 0. Sup